0200 a multiple of 20?
True
Does 18 divide 4609387?
False
Is 67958002 a multiple of 14?
True
Does 123 divide 28393935?
True
Is 152 a factor of 10311559?
False
Is 99 a factor of 18368591?
False
Does 3108 divide 36540756?
True
Is 1105 a factor of 80035150?
True
Is 300 a factor of 41041250?
False
Does 211 divide 196236541?
True
Is 280266319 a multiple of 3225?
False
Is 75 a factor of 109451579?
False
Is 121047803 a multiple of 1845?
False
Is 1046 a factor of 21640959?
False
Is 12113820 a multiple of 15?
True
Is 76480960 a multiple of 160?
True
Is 620924094 a multiple of 47?
False
Is 282 a factor of 3476183408?
False
Is 718527661 a multiple of 275?
False
Does 2760 divide 19447141?
False
Is 170799951 a multiple of 4893?
True
Is 63767372 a multiple of 7?
False
Is 80 a factor of 158702080?
True
Is 1926649020 a multiple of 285?
True
Does 129 divide 3763447935?
True
Is 1212357837 a multiple of 12?
False
Is 1593 a factor of 6536079?
True
Is 1079 a factor of 5549990?
False
Is 79 a factor of 509954875?
True
Does 25 divide 22483605?
False
Is 17 a factor of 820780094?
True
Is 43179059 a multiple of 73?
False
Is 178 a factor of 102090749?
False
Is 68 a factor of 6853040?
True
Does 35 divide 36925035?
True
Is 125 a factor of 31500750?
True
Is 12 a factor of 624149292?
True
Is 470733042 a multiple of 20?
False
Is 13 a factor of 55899168?
True
Is 149139179 a multiple of 10?
False
Is 5530893 a multiple of 272?
False
Is 111513323 a multiple of 676?
False
Is 5 a factor of 33740637?
False
Is 3875342 a multiple of 1366?
True
Is 511312674 a multiple of 854?
False
Is 89660160 a multiple of 64?
True
Is 42 a factor of 2962506372?
True
Is 5248280 a multiple of 99?
False
Is 360114820 a multiple of 20?
True
Is 43932372 a multiple of 44?
True
Is 371 a factor of 96968067?
False
Is 2358 a factor of 4408903512?
True
Is 1552269400 a multiple of 5896?
True
Is 3 a factor of 2278884?
True
Does 82 divide 42764300?
False
Is 2681527 a multiple of 19?
True
Is 692 a factor of 4905693704?
False
Is 16 a factor of 71279743?
False
Is 78 a factor of 2206205?
False
Is 532 a factor of 133306753?
False
Does 239 divide 5479314?
True
Does 49 divide 188013425?
False
Is 94 a factor of 824642542?
True
Is 5576 a factor of 28887436?
False
Is 52 a factor of 394652804?
True
Is 62163556 a multiple of 1574?
True
Is 23 a factor of 566537?
False
Is 11 a factor of 17923991?
False
Does 13 divide 489145930?
True
Is 51 a factor of 878695354?
False
Is 211344408 a multiple of 2904?
True
Is 47 a factor of 197604076?
False
Is 1703 a factor of 15200978?
True
Does 1393 divide 45628125?
False
Is 29 a factor of 59780223?
True
Does 6775 divide 63983100?
True
Is 3345 a factor of 2415883896?
False
Does 102 divide 491148538?
False
Does 2132 divide 519068614?
False
Does 82 divide 34330554?
False
Is 2095028324 a multiple of 2116?
True
Is 691 a factor of 46603433?
False
Is 62 a factor of 637664869?
False
Does 1224 divide 1731712752?
True
Is 15 a factor of 35915487?
False
Is 4872604 a multiple of 37?
True
Does 32 divide 49944525?
False
Does 313 divide 10246368?
True
Is 910 a factor of 260000708?
False
Is 68276585 a multiple of 23?
False
Is 13894353 a multiple of 99?
True
Is 332 a factor of 34911955?
False
Does 877 divide 353901949?
True
Is 10034091 a multiple of 3?
True
Does 37 divide 40007113?
False
Is 62 a factor of 2834423809?
False
Is 2001521032 a multiple of 10?
False
Does 47 divide 727654?
True
Is 18 a factor of 1290622050?
True
Is 130012064 a multiple of 14?
True
Is 35912324 a multiple of 47?
True
Is 28732179 a multiple of 49?
True
Is 581 a factor of 117362?
True
Is 39 a factor of 4357498?
False
Does 230 divide 365770150?
True
Is 153 a factor of 165148812?
True
Is 249065338 a multiple of 53?
True
Does 22 divide 1770823661?
False
Is 2786363627 a multiple of 2885?
False
Does 9 divide 81835190?
False
Is 9210242 a multiple of 41?
False
Is 230564140 a multiple of 1147?
False
Does 11 divide 289207443?
False
Is 704100108 a multiple of 6334?
True
Is 119594186 a multiple of 971?
True
Is 23083937 a multiple of 163?
False
Is 5481 a factor of 142242912?
True
Is 19 a factor of 257038960?
False
Is 8 a factor of 27511800?
True
Does 354 divide 195149705?
False
Does 22 divide 101747778?
True
Is 12 a factor of 52692480?
True
Is 78 a factor of 16232077?
False
Is 27573440 a multiple of 995?
True
Does 31 divide 880833628?
True
Is 821846160 a multiple of 120?
True
Is 850 a factor of 299720200?
True
Is 404 a factor of 398934590?
False
Is 410766082 a multiple of 33?
False
Is 26 a factor of 433806100?
True
Is 13 a factor of 82876326?
True
Is 473 a factor of 1489004?
True
Is 195116462 a multiple of 15?
False
Does 61 divide 275943823?
False
Is 660 a factor of 1147771644?
False
Does 13 divide 7736378?
True
Does 998 divide 51661470?
True
Is 267644189 a multiple of 3036?
False
Is 4564 a factor of 349717949?
False
Is 4595145 a multiple of 71?
False
Is 545 a factor of 4981483120?
True
Does 4182 divide 2436500112?
True
Is 3595781 a multiple of 202?
False
Is 713 a factor of 179694037?
False
Does 1650 divide 40632900?
True
Does 32 divide 19523161?
False
Does 25 divide 138617866?
False
Is 126 a factor of 1926918?
True
Is 885 a factor of 115869510?
True
Is 36134873 a multiple of 10?
False
Is 73066688 a multiple of 256?
False
Does 675 divide 767687625?
True
Is 436 a factor of 406531196?
True
Does 5 divide 302954310?
True
Is 85955457 a multiple of 309?
True
Does 10 divide 11315460?
True
Does 450 divide 330600728?
False
Is 607 a factor of 142307212?
False
Is 911462166 a multiple of 9?
True
Does 1544 divide 408709152?
True
Is 1658 a factor of 233537392?
False
Is 63 a factor of 2211813395?
False
Is 1068897522 a multiple of 106?
False
Does 1286 divide 29697987?
False
Is 293 a factor of 2266815372?
False
Is 1874264008 a multiple of 629?
True
Is 16 a factor of 14993371?
False
Is 143 a factor of 3148090013?
False
Does 128 divide 7532800?
True
Is 558541473 a multiple of 522?
False
Does 742 divide 17543106?
True
Does 151 divide 653361296?
True
Is 82994004 a multiple of 83?
False
Does 23 divide 200506272?
True
Is 247 a factor of 73123115?
True
Does 6 divide 26251548?
True
Is 34878528 a multiple of 36?
True
Is 839812453 a multiple of 19?
False
Is 483580356 a multiple of 84?
True
Is 14 a factor of 1099588779?
False
Does 159 divide 2702591211?
True
Is 34 a factor of 19628363?
False
Is 317281135 a multiple of 349?
True
Does 18 divide 12413448?
True
Is 3018 a factor of 304781203?
False
Is 5 a factor of 9768168?
False
Is 32928808 a multiple of 21?
False
Does 92 divide 1268662244?
True
Does 7 divide 51555196?
True
Does 443 divide 220648111?
True
Does 702 divide 21768318?
True
Does 10 divide 18676645?
False
Is 289162786 a multiple of 11?
True
Does 64 divide 40176896?
True
Is 276055 a multiple of 2?
False
Is 44 a factor of 23737043?
False
Is 1398817951 a multiple of 28?
False
Is 42 a factor of 1379493306?
False
Is 496 a factor of 190485328?
True
Does 94 divide 499029853?
False
Is 7292 a factor of 2864085911?
False
Is 217807080 a multiple of 60?
True
Does 115 divide 1069302315?
True
Does 1063 divide 34479413?
False
Is 67 a factor of 3193890?
True
Is 367 a factor of 323433595?
False
Is 61340196 a multiple of 410?
False
Is 12 a factor of 27354107?
False
Is 380 a factor of 2618658139?
False
Is 23 a factor of 241556695?
True
Is 131664350 a multiple of 16?
False
Is 139 a factor of 1233349780?
True
Does 974 divide 612235946?
True
Is 1700 a factor of 599969100?
True
Is 196 a factor of 13582956?
False
Does 16 divide 1762802?
False
Is 1790 a factor of 63663140?
True
Is 105 a factor of 934821722?
False
Is 1211351 a multiple of 1462?
False
Is 48454470 a multiple of 27?
True
Is 1046794507 a multiple of 18?
False
Does 1870 divide 288119283?
False
Is 198 a factor of 1865009520?
True
Does 1775 divide 116538544?
False
Is 1697 a factor of 7940692?
False
Is 397535814 a multiple of 13?
True
Does 217 divide 113071973?
True
Does 144 divide 80988458?
False
Does 1107 divide 1157836395?
False
Is 277269140 a multiple of 115?
True
Is 67 a factor of 185472817?
True
Is 1788 a factor of 284822954?
False
Does 3216 divide 265066602?
False
Does 38 divide 896697096?
True
Is 24 a factor of 222977112?
True
Is 7 a factor of 15465824?
False
Is 16 a factor of 67605495?
False
Is 10104287 a multiple of 15?
Fals